
Is 707 a factor of 4182963?
False
Is 9 a factor of 32958?
True
Is 7 a factor of 10469476?
False
Is 1491775 a multiple of 11?
False
Is 13 a factor of 2974874?
False
Is 122816 a multiple of 4?
True
Does 16 divide 1449664?
True
Is 15391432 a multiple of 59?
False
Is 36 a factor of 727378?
False
Is 5 a factor of 7939629?
False
Is 218893 a multiple of 93?
False
Is 39 a factor of 5307469?
False
Is 13646 a multiple of 25?
False
Is 106991 a multiple of 31?
False
Does 1276 divide 3893076?
True
Is 23 a factor of 25785?
False
Is 162815 a multiple of 539?
False
Does 8 divide 1501073?
False
Does 4 divide 1608?
True
Does 32 divide 118463?
False
Does 17 divide 12188592?
True
Does 85 divide 4801247?
False
Is 10414090 a multiple of 10?
True
Does 101 divide 430260?
True
Does 862 divide 1156397?
False
Does 83 divide 486528?
False
Does 240 divide 991680?
True
Is 752403 a multiple of 328?
False
Is 951024 a multiple of 16?
True
Is 46 a factor of 1221?
False
Does 14 divide 3970622?
False
Is 3440638 a multiple of 1142?
False
Is 2811523 a multiple of 54?
False
Is 37 a factor of 25617508?
False
Is 278 a factor of 7734794?
True
Does 66 divide 384648?
True
Does 13 divide 284141?
True
Is 13 a factor of 13089470?
False
Does 10 divide 267634?
False
Does 10 divide 833350?
True
Is 2655939 a multiple of 11?
True
Does 37 divide 39690?
False
Is 53 a factor of 161668?
False
Is 6 a factor of 696979?
False
Is 8188475 a multiple of 202?
False
Is 8858377 a multiple of 278?
False
Is 7345944 a multiple of 54?
True
Does 63 divide 91350?
True
Is 21885782 a multiple of 419?
False
Is 15 a factor of 9641985?
True
Is 40316 a multiple of 44?
False
Is 356 a factor of 128872?
True
Is 16 a factor of 73877?
False
Is 127686 a multiple of 26?
True
Is 38 a factor of 1241878?
True
Is 58 a factor of 5972397?
False
Is 13 a factor of 318864?
True
Does 24 divide 1870080?
True
Is 4490213 a multiple of 371?
True
Does 7 divide 241161?
False
Does 16 divide 169554?
False
Does 31 divide 1433609?
False
Is 91304 a multiple of 3?
False
Is 4870 a multiple of 10?
True
Is 12 a factor of 684300?
True
Is 184424 a multiple of 2?
True
Is 1452360 a multiple of 364?
True
Is 10 a factor of 189844?
False
Is 436581 a multiple of 176?
False
Is 47 a factor of 154677?
True
Is 58 a factor of 6166494?
False
Is 89 a factor of 7592679?
True
Does 443 divide 146977?
False
Does 8 divide 114000?
True
Is 1771683 a multiple of 201?
False
Does 972 divide 521964?
True
Is 16 a factor of 411808?
True
Does 184 divide 406655?
False
Does 23 divide 71336?
False
Does 17 divide 1032343?
False
Is 158 a factor of 2615336?
False
Is 3102013 a multiple of 618?
False
Is 163 a factor of 736271?
True
Is 45 a factor of 82947?
False
Does 17 divide 1126406?
False
Is 9024 a multiple of 94?
True
Does 44 divide 27466?
False
Is 55853 a multiple of 10?
False
Is 814 a factor of 465608?
True
Is 27464 a multiple of 59?
False
Is 208854 a multiple of 566?
True
Is 335932 a multiple of 157?
False
Is 258 a factor of 13594771?
False
Is 1765050 a multiple of 50?
True
Is 168400 a multiple of 400?
True
Is 3314729 a multiple of 6?
False
Is 19 a factor of 91618?
True
Is 183 a factor of 17677068?
True
Is 233298 a multiple of 423?
False
Does 23 divide 5548388?
False
Does 7 divide 4606?
True
Does 24 divide 4730952?
True
Is 546876 a multiple of 198?
True
Is 12 a factor of 2049905?
False
Does 48 divide 1477897?
False
Does 154 divide 618926?
True
Is 160 a factor of 917440?
True
Is 391104 a multiple of 679?
True
Is 31976 a multiple of 8?
True
Is 66 a factor of 60061?
False
Is 181931 a multiple of 253?
False
Is 9421474 a multiple of 849?
False
Does 418 divide 9459758?
True
Does 20 divide 12595960?
True
Is 127546 a multiple of 26?
False
Does 91 divide 1774318?
True
Is 6294070 a multiple of 74?
True
Does 146 divide 669218?
False
Is 16 a factor of 313599?
False
Does 5 divide 92495?
True
Is 34 a factor of 5472857?
False
Is 15 a factor of 388925?
False
Is 251 a factor of 626747?
True
Does 393 divide 4241666?
False
Is 21 a factor of 149982?
True
Does 27 divide 4152?
False
Is 7997 a multiple of 32?
False
Does 307 divide 225338?
True
Is 27 a factor of 761427?
True
Does 1531 divide 4543603?
False
Does 356 divide 6268448?
True
Is 865 a factor of 4216115?
False
Is 21 a factor of 181209?
True
Is 64 a factor of 418880?
True
Is 4 a factor of 538093?
False
Is 24 a factor of 8248?
False
Does 6 divide 239532?
True
Does 192 divide 591525?
False
Does 70 divide 650057?
False
Is 423 a factor of 7127127?
True
Does 136 divide 244800?
True
Is 24 a factor of 167304?
True
Is 22 a factor of 438714?
False
Is 169 a factor of 1542801?
True
Is 17 a factor of 746436?
True
Is 81260 a multiple of 9?
False
Is 234605 a multiple of 3?
False
Is 47040 a multiple of 245?
True
Is 200 a factor of 349600?
True
Is 460641 a multiple of 16?
False
Does 58 divide 308212?
True
Is 18 a factor of 4348102?
False
Is 2378292 a multiple of 161?
True
Is 85310 a multiple of 3?
False
Is 717503 a multiple of 1088?
False
Does 83 divide 71281?
False
Is 6 a factor of 1208316?
True
Does 152 divide 82364?
False
Does 15 divide 85658?
False
Is 392 a factor of 1038408?
True
Is 154 a factor of 235075?
False
Is 40 a factor of 720880?
True
Is 1540390 a multiple of 958?
False
Is 241 a factor of 2478239?
False
Is 69 a factor of 1417970?
False
Is 368 a factor of 3747808?
False
Is 64936 a multiple of 8?
True
Is 65815 a multiple of 540?
False
Is 694 a factor of 4701156?
True
Is 18093 a multiple of 111?
True
Is 1833468 a multiple of 1092?
True
Is 6020947 a multiple of 252?
False
Is 32774 a multiple of 13?
False
Is 159621 a multiple of 533?
False
Is 819975 a multiple of 87?
True
Is 42984 a multiple of 134?
False
Does 90 divide 1201873?
False
Is 417 a factor of 200577?
True
Does 18 divide 74043?
False
Is 20 a factor of 4442740?
True
Does 77 divide 5950775?
False
Is 272480 a multiple of 5?
True
Does 45 divide 83160?
True
Is 1430928 a multiple of 24?
True
Does 387 divide 994590?
True
Does 133 divide 7948468?
False
Is 75865 a multiple of 147?
False
Does 127 divide 27648?
False
Is 56757 a multiple of 71?
False
Is 446 a factor of 298820?
True
Does 137 divide 3303207?
True
Does 87 divide 5108186?
False
Is 54 a factor of 219416?
False
Does 14 divide 29294?
False
Is 8 a factor of 220220?
False
Is 39 a factor of 14531814?
False
Is 64437 a multiple of 85?
False
Is 36 a factor of 42264?
True
Does 9 divide 37836?
True
Is 7 a factor of 3367?
True
Is 80 a factor of 113760?
True
Does 32 divide 73566?
False
Does 17 divide 40132?
False
Is 30 a factor of 50205?
False
Is 15 a factor of 485505?
True
Does 49 divide 136509?
False
Does 203 divide 27811?
True
Is 1771609 a multiple of 245?
False
Is 4001256 a multiple of 934?
True
Does 344 divide 16856?
True
Is 9377194 a multiple of 423?
False
Is 11 a factor of 695255?
True
Is 19 a factor of 3591?
True
Is 264227 a multiple of 104?
False
Is 17945641 a multiple of 53?
True
Is 24 a factor of 1371653?
False
Is 15786 a multiple of 55?
False
Is 740 a factor of 1096846?
False
Is 964 a factor of 5742548?
True
Is 242 a factor of 95590?
True
Is 84129 a multiple of 87?
True
Is 187 a factor of 3648931?
True
Is 118 a factor of 119888?
True
Is 39 a factor of 4045649?
False
Is 949662 a multiple of 18?
True
Is 228193 a multiple of 818?
False
Is 20 a factor of 356475?
False
Is 8696411 a multiple of 192?
False
Is 2548329 a multiple of 21?
True
Does 150 divide 71100?
True
Is 647654 a multiple of 17?
False
Is 160424 a multiple of 2?
True
Is 109587 a multiple of 7?
False
Is 92998 a multiple of 72?
False
Does 87 divide 870435?
True
Is 13 a factor of 2165484?
False
Is 690 even?
True
Is 63438 a multiple of 2?
True
Does 7 divide 335175?
False
Is 18 a factor of 15915564?
True
Does 163 divide 3712488?
True
Is 133 a factor of 139384?
True
Does 22 divide 47080?
True
Is 3013044 a multiple of 249?
False
Does 130 divide 37671?
False
Does 195 divide 354872?
False
Does 840 divide 15374742?
False
Is 20676067 a multiple of 152?
False
Is 157638 a multiple of 78?
True
Is 57 a factor of 9185607?
True
Is 10 a factor of 115020?
True
Does 44 divide 2801764?
False
Is 13 a factor of 110229?
False
Is 31 a factor of 1377611?
False
Is 73 a factor of 649953?
False
Is 998008 a multiple of 484?
True
Is 484252 a multiple of 34?
False
Is 5891648 a multiple of 512?
False
Is 99 a fac